{"id":152269,"date":"2022-05-23T10:12:25","date_gmt":"2022-05-23T14:12:25","guid":{"rendered":"https:\/\/www.colegioinmobiliario.cl\/clases\/?post_type=product&#038;p=152269"},"modified":"2022-11-21T17:17:22","modified_gmt":"2022-11-21T20:17:22","slug":"curso-e-property-managament","status":"publish","type":"product","link":"https:\/\/www.colegioinmobiliario.cl\/clases\/producto\/curso-e-property-managament\/","title":{"rendered":"Curso e-Property Managament"},"content":{"rendered":"<p>Este curso esta dise\u00f1ado para darle a corredores de propiedades, gestores inmobiliarios e inversores las claves para reaccionar a tiempos a los nuevos desaf\u00edos del corretaje de propiedades.<\/p>\n<p>Al completar este curso los participantes tendr\u00e1n una visi\u00f3n completa del papel de la tecnolog\u00eda en el sector inmobiliario y sabr\u00e1n utilizarla para asegurar la rentabilidad del patrimonio que gestionan.<\/p>\n<p><a href=\"https:\/\/www.colegioinmobiliario.cl\/wp-content\/uploads\/2022\/05\/eproperty-management-1.pdf\"><img decoding=\"async\" loading=\"lazy\" class=\"alignnone wp-image-6527 size-full\" src=\"https:\/\/www.colegioinmobiliario.cl\/wp-content\/uploads\/2022\/05\/bajar.jpg\" alt=\"\" width=\"198\" height=\"66\" \/><\/a><\/p>\n","protected":false},"excerpt":{"rendered":"<p><strong>Detalles:<\/strong><\/p>\n<ul>\n<li>Curso 100% Online<\/li>\n<li>Acceso a la plataforma de estudio de Lunes a Domingo, las 24 horas.<\/li>\n<li>Duraci\u00f3n del curso: 80 horas e-Learning<\/li>\n<li>Cupos Limitados<\/li>\n<li>Tutor e-Learning<\/li>\n<li>Modo Asincr\u00f3nico<\/li>\n<li>Diploma Certificaci\u00f3n Otec<\/li>\n<li><strong>Curso disponible a contar del 01 de Junio de 2022\u00a0 (valor preventa)<\/strong><\/li>\n<\/ul>\n<p><a href=\"https:\/\/www.administracion.cl\/wp-content\/uploads\/2020\/01\/webpay-footer-300x109.jpg\"><img decoding=\"async\" loading=\"lazy\" class=\"alignnone size-medium wp-image-140725\" src=\"https:\/\/www.administracion.cl\/wp-content\/uploads\/2020\/01\/webpay-footer-300x109-300x109.jpg\" alt=\"\" width=\"300\" height=\"109\" srcset=\"https:\/\/www.colegioinmobiliario.cl\/clases\/wp-content\/uploads\/2020\/01\/webpay-footer-300x109.jpg 300w, https:\/\/www.colegioinmobiliario.cl\/clases\/wp-content\/uploads\/2020\/01\/webpay-footer-300x109-255x93.jpg 255w\" sizes=\"(max-width: 300px) 100vw, 300px\" \/><\/a><\/p>\n","protected":false},"featured_media":152270,"template":"","meta":{"_bbp_topic_count":0,"_bbp_reply_count":0,"_bbp_total_topic_count":0,"_bbp_total_reply_count":0,"_bbp_voice_count":0,"_bbp_anonymous_reply_count":0,"_bbp_topic_count_hidden":0,"_bbp_reply_count_hidden":0,"_bbp_forum_subforum_count":0},"product_cat":[537,529],"product_tag":[],"_links":{"self":[{"href":"https:\/\/www.colegioinmobiliario.cl\/clases\/wp-json\/wp\/v2\/product\/152269"}],"collection":[{"href":"https:\/\/www.colegioinmobiliario.cl\/clases\/wp-json\/wp\/v2\/product"}],"about":[{"href":"https:\/\/www.colegioinmobiliario.cl\/clases\/wp-json\/wp\/v2\/types\/product"}],"wp:featuredmedia":[{"embeddable":true,"href":"https:\/\/www.colegioinmobiliario.cl\/clases\/wp-json\/wp\/v2\/media\/152270"}],"wp:attachment":[{"href":"https:\/\/www.colegioinmobiliario.cl\/clases\/wp-json\/wp\/v2\/media?parent=152269"}],"wp:term":[{"taxonomy":"product_cat","embeddable":true,"href":"https:\/\/www.colegioinmobiliario.cl\/clases\/wp-json\/wp\/v2\/product_cat?post=152269"},{"taxonomy":"product_tag","embeddable":true,"href":"https:\/\/www.colegioinmobiliario.cl\/clases\/wp-json\/wp\/v2\/product_tag?post=152269"}],"curies":[{"name":"wp","href":"https:\/\/api.w.org\/{rel}","templated":true}]}}